{"id":391,"date":"2020-04-23T20:49:06","date_gmt":"2020-04-23T18:49:06","guid":{"rendered":"https:\/\/www.cencibel.es\/blog\/?page_id=391"},"modified":"2020-04-24T14:23:47","modified_gmt":"2020-04-24T12:23:47","slug":"quienes-somos","status":"publish","type":"page","link":"https:\/\/www.cencibel.es\/blog\/quienes-somos\/","title":{"rendered":"Quienes somos"},"content":{"rendered":"\n<p>Mi nombre es Javier Jim\u00e9nez aunque muchos de vosotros me conozc\u00e1is por Cencibel. Nac\u00ed en un maravilloso pueblo de La Mancha llamado Valdepe\u00f1as y cruce de caminos del mayor vi\u00f1edo de Europa.<\/p>\n\n\n\n<p>Hace un tiempo que ven\u00eda dandole vueltas al proyecto de escribir sobre mis pasiones. Como emprendedor de nacimiento, el gusanillo de la creatividad siempre te persigue all\u00ed donde estes. Entonces, he aprovechado un periodo excepcional para lanzarme a escribir sobre aquello que me gusta y me apasiona.<\/p>\n\n\n\n<p>Aunque el blog se engloba dentro de mi empresa es un blog de vivencias y lifestyle que intenta compartir a todos los que lo lean un disfrute mayor de los momentos importantes de la vida.<\/p>\n\n\n\n<p>Desde siempre he tenido una atracci\u00f3n por el mundo del vestir bien y sobre todo por la elegancia masculina. Cada vez la forma de vestir se ha relajado y ha perdido el encanto y el glamour de anta\u00f1o. Por tanto, desde este faro intentaremos aportar un granito de arena para que no se pierda nunca aquello que se heredaba de padres a hijos; que era la clase a la hora del vestir.<\/p>\n\n\n\n<p>Como amante de todas las cosas bellas de este mundo siempre hacemos referencia al arte, la decoraci\u00f3n, el cine, la arquitectura, la gastronom\u00eda, los viajes y en definitiva todo aquello que nos une a una gran mayor\u00eda de personas.<\/p>\n","protected":false},"excerpt":{"rendered":"<p>Mi nombre es Javier Jim\u00e9nez aunque muchos de vosotros me conozc\u00e1is por Cencibel. Nac\u00ed en un maravilloso pueblo de La Mancha llamado Valdepe\u00f1as y cruce de caminos del mayor vi\u00f1edo de Europa. Hace un tiempo que ven\u00eda dandole vueltas al proyecto de escribir sobre mis pasiones. Como emprendedor de nacimiento, el gusanillo de la creatividad siempre te persigue all\u00ed donde estes. Entonces, he aprovechado un periodo excepcional para lanzarme a escribir sobre aquello que me gusta y me apasiona. Aunque el blog se engloba dentro de mi empresa es un blog de vivencias y lifestyle que intenta compartir a todos los que lo lean un disfrute mayor de los momentos importantes de la vida. Desde siempre he tenido una atracci\u00f3n por el mundo del vestir bien y sobre todo por la elegancia masculina. Cada vez la forma de vestir se ha relajado y ha perdido el encanto y el glamour de anta\u00f1o. Por tanto, desde este faro intentaremos aportar un granito de arena para que no se pierda nunca aquello que se heredaba de padres a hijos; que era la clase a la hora del vestir. Como amante de todas las cosas bellas de este mundo siempre hacemos referencia al arte, la decoraci\u00f3n, el cine, la arquitectura, la gastronom\u00eda, los viajes y en definitiva todo aquello que nos une a una gran mayor\u00eda de personas.<\/p>\n","protected":false},"author":2,"featured_media":0,"parent":0,"menu_order":0,"comment_status":"closed","ping_status":"closed","template":"","meta":{"_monsterinsights_skip_tracking":false,"_monsterinsights_sitenote_active":false,"_monsterinsights_sitenote_note":"","_monsterinsights_sitenote_category":0,"footnotes":""},"class_list":["post-391","page","type-page","status-publish","hentry"],"yoast_head":"<!-- This site is optimized with the Yoast SEO plugin v25.3.1 - https:\/\/yoast.com\/wordpress\/plugins\/seo\/ -->\n<title>Quienes somos - Cencibel<\/title>\n<meta name=\"robots\" content=\"index, follow, max-snippet:-1, max-image-preview:large, max-video-preview:-1\" \/>\n<link rel=\"canonical\" href=\"https:\/\/www.cencibel.es\/blog\/quienes-somos\/\" \/>\n<meta property=\"og:locale\" content=\"es_ES\" \/>\n<meta property=\"og:type\" content=\"article\" \/>\n<meta property=\"og:title\" content=\"Quienes somos - Cencibel\" \/>\n<meta property=\"og:description\" content=\"Mi nombre es Javier Jim\u00e9nez aunque muchos de vosotros me conozc\u00e1is por Cencibel. Nac\u00ed en un maravilloso pueblo de La Mancha llamado Valdepe\u00f1as y cruce de caminos del mayor vi\u00f1edo de Europa. Hace un tiempo que ven\u00eda dandole vueltas al proyecto de escribir sobre mis pasiones. Como emprendedor de nacimiento, el gusanillo de la creatividad siempre te persigue all\u00ed donde estes. Entonces, he aprovechado un periodo excepcional para lanzarme a escribir sobre aquello que me gusta y me apasiona. Aunque el blog se engloba dentro de mi empresa es un blog de vivencias y lifestyle que intenta compartir a todos los que lo lean un disfrute mayor de los momentos importantes de la vida. Desde siempre he tenido una atracci\u00f3n por el mundo del vestir bien y sobre todo por la elegancia masculina. Cada vez la forma de vestir se ha relajado y ha perdido el encanto y el glamour de anta\u00f1o. Por tanto, desde este faro intentaremos aportar un granito de arena para que no se pierda nunca aquello que se heredaba de padres a hijos; que era la clase a la hora del vestir. Como amante de todas las cosas bellas de este mundo siempre hacemos referencia al arte, la decoraci\u00f3n, el cine, la arquitectura, la gastronom\u00eda, los viajes y en definitiva todo aquello que nos une a una gran mayor\u00eda de personas.\" \/>\n<meta property=\"og:url\" content=\"https:\/\/www.cencibel.es\/blog\/quienes-somos\/\" \/>\n<meta property=\"og:site_name\" content=\"Cencibel\" \/>\n<meta property=\"article:publisher\" content=\"https:\/\/www.facebook.com\/cencibel\/\" \/>\n<meta property=\"article:modified_time\" content=\"2020-04-24T12:23:47+00:00\" \/>\n<meta name=\"twitter:card\" content=\"summary_large_image\" \/>\n<meta name=\"twitter:site\" content=\"@cencibelties\" \/>\n<meta name=\"twitter:label1\" content=\"Tiempo de lectura\" \/>\n\t<meta name=\"twitter:data1\" content=\"1 minuto\" \/>\n<script type=\"application\/ld+json\" class=\"yoast-schema-graph\">{\"@context\":\"https:\/\/schema.org\",\"@graph\":[{\"@type\":\"WebPage\",\"@id\":\"https:\/\/www.cencibel.es\/blog\/quienes-somos\/\",\"url\":\"https:\/\/www.cencibel.es\/blog\/quienes-somos\/\",\"name\":\"Quienes somos - Cencibel\",\"isPartOf\":{\"@id\":\"https:\/\/www.cencibel.es\/blog\/#website\"},\"datePublished\":\"2020-04-23T18:49:06+00:00\",\"dateModified\":\"2020-04-24T12:23:47+00:00\",\"breadcrumb\":{\"@id\":\"https:\/\/www.cencibel.es\/blog\/quienes-somos\/#breadcrumb\"},\"inLanguage\":\"es\",\"potentialAction\":[{\"@type\":\"ReadAction\",\"target\":[\"https:\/\/www.cencibel.es\/blog\/quienes-somos\/\"]}]},{\"@type\":\"BreadcrumbList\",\"@id\":\"https:\/\/www.cencibel.es\/blog\/quienes-somos\/#breadcrumb\",\"itemListElement\":[{\"@type\":\"ListItem\",\"position\":1,\"name\":\"Portada\",\"item\":\"https:\/\/www.cencibel.es\/blog\/\"},{\"@type\":\"ListItem\",\"position\":2,\"name\":\"Quienes somos\"}]},{\"@type\":\"WebSite\",\"@id\":\"https:\/\/www.cencibel.es\/blog\/#website\",\"url\":\"https:\/\/www.cencibel.es\/blog\/\",\"name\":\"Cencibel\",\"description\":\"Blog de moda masculina\",\"publisher\":{\"@id\":\"https:\/\/www.cencibel.es\/blog\/#organization\"},\"potentialAction\":[{\"@type\":\"SearchAction\",\"target\":{\"@type\":\"EntryPoint\",\"urlTemplate\":\"https:\/\/www.cencibel.es\/blog\/?s={search_term_string}\"},\"query-input\":{\"@type\":\"PropertyValueSpecification\",\"valueRequired\":true,\"valueName\":\"search_term_string\"}}],\"inLanguage\":\"es\"},{\"@type\":\"Organization\",\"@id\":\"https:\/\/www.cencibel.es\/blog\/#organization\",\"name\":\"CENCIBEL\",\"url\":\"https:\/\/www.cencibel.es\/blog\/\",\"logo\":{\"@type\":\"ImageObject\",\"inLanguage\":\"es\",\"@id\":\"https:\/\/www.cencibel.es\/blog\/#\/schema\/logo\/image\/\",\"url\":\"https:\/\/www.cencibel.es\/blog\/wp-content\/uploads\/2020\/04\/logo-cencibel.png\",\"contentUrl\":\"https:\/\/www.cencibel.es\/blog\/wp-content\/uploads\/2020\/04\/logo-cencibel.png\",\"width\":157,\"height\":129,\"caption\":\"CENCIBEL\"},\"image\":{\"@id\":\"https:\/\/www.cencibel.es\/blog\/#\/schema\/logo\/image\/\"},\"sameAs\":[\"https:\/\/www.facebook.com\/cencibel\/\",\"https:\/\/x.com\/cencibelties\"]}]}<\/script>\n<!-- \/ Yoast SEO plugin. -->","yoast_head_json":{"title":"Quienes somos - Cencibel","robots":{"index":"index","follow":"follow","max-snippet":"max-snippet:-1","max-image-preview":"max-image-preview:large","max-video-preview":"max-video-preview:-1"},"canonical":"https:\/\/www.cencibel.es\/blog\/quienes-somos\/","og_locale":"es_ES","og_type":"article","og_title":"Quienes somos - Cencibel","og_description":"Mi nombre es Javier Jim\u00e9nez aunque muchos de vosotros me conozc\u00e1is por Cencibel. Nac\u00ed en un maravilloso pueblo de La Mancha llamado Valdepe\u00f1as y cruce de caminos del mayor vi\u00f1edo de Europa. Hace un tiempo que ven\u00eda dandole vueltas al proyecto de escribir sobre mis pasiones. Como emprendedor de nacimiento, el gusanillo de la creatividad siempre te persigue all\u00ed donde estes. Entonces, he aprovechado un periodo excepcional para lanzarme a escribir sobre aquello que me gusta y me apasiona. Aunque el blog se engloba dentro de mi empresa es un blog de vivencias y lifestyle que intenta compartir a todos los que lo lean un disfrute mayor de los momentos importantes de la vida. Desde siempre he tenido una atracci\u00f3n por el mundo del vestir bien y sobre todo por la elegancia masculina. Cada vez la forma de vestir se ha relajado y ha perdido el encanto y el glamour de anta\u00f1o. Por tanto, desde este faro intentaremos aportar un granito de arena para que no se pierda nunca aquello que se heredaba de padres a hijos; que era la clase a la hora del vestir. Como amante de todas las cosas bellas de este mundo siempre hacemos referencia al arte, la decoraci\u00f3n, el cine, la arquitectura, la gastronom\u00eda, los viajes y en definitiva todo aquello que nos une a una gran mayor\u00eda de personas.","og_url":"https:\/\/www.cencibel.es\/blog\/quienes-somos\/","og_site_name":"Cencibel","article_publisher":"https:\/\/www.facebook.com\/cencibel\/","article_modified_time":"2020-04-24T12:23:47+00:00","twitter_card":"summary_large_image","twitter_site":"@cencibelties","twitter_misc":{"Tiempo de lectura":"1 minuto"},"schema":{"@context":"https:\/\/schema.org","@graph":[{"@type":"WebPage","@id":"https:\/\/www.cencibel.es\/blog\/quienes-somos\/","url":"https:\/\/www.cencibel.es\/blog\/quienes-somos\/","name":"Quienes somos - Cencibel","isPartOf":{"@id":"https:\/\/www.cencibel.es\/blog\/#website"},"datePublished":"2020-04-23T18:49:06+00:00","dateModified":"2020-04-24T12:23:47+00:00","breadcrumb":{"@id":"https:\/\/www.cencibel.es\/blog\/quienes-somos\/#breadcrumb"},"inLanguage":"es","potentialAction":[{"@type":"ReadAction","target":["https:\/\/www.cencibel.es\/blog\/quienes-somos\/"]}]},{"@type":"BreadcrumbList","@id":"https:\/\/www.cencibel.es\/blog\/quienes-somos\/#breadcrumb","itemListElement":[{"@type":"ListItem","position":1,"name":"Portada","item":"https:\/\/www.cencibel.es\/blog\/"},{"@type":"ListItem","position":2,"name":"Quienes somos"}]},{"@type":"WebSite","@id":"https:\/\/www.cencibel.es\/blog\/#website","url":"https:\/\/www.cencibel.es\/blog\/","name":"Cencibel","description":"Blog de moda masculina","publisher":{"@id":"https:\/\/www.cencibel.es\/blog\/#organization"},"potentialAction":[{"@type":"SearchAction","target":{"@type":"EntryPoint","urlTemplate":"https:\/\/www.cencibel.es\/blog\/?s={search_term_string}"},"query-input":{"@type":"PropertyValueSpecification","valueRequired":true,"valueName":"search_term_string"}}],"inLanguage":"es"},{"@type":"Organization","@id":"https:\/\/www.cencibel.es\/blog\/#organization","name":"CENCIBEL","url":"https:\/\/www.cencibel.es\/blog\/","logo":{"@type":"ImageObject","inLanguage":"es","@id":"https:\/\/www.cencibel.es\/blog\/#\/schema\/logo\/image\/","url":"https:\/\/www.cencibel.es\/blog\/wp-content\/uploads\/2020\/04\/logo-cencibel.png","contentUrl":"https:\/\/www.cencibel.es\/blog\/wp-content\/uploads\/2020\/04\/logo-cencibel.png","width":157,"height":129,"caption":"CENCIBEL"},"image":{"@id":"https:\/\/www.cencibel.es\/blog\/#\/schema\/logo\/image\/"},"sameAs":["https:\/\/www.facebook.com\/cencibel\/","https:\/\/x.com\/cencibelties"]}]}},"_links":{"self":[{"href":"https:\/\/www.cencibel.es\/blog\/wp-json\/wp\/v2\/pages\/391","targetHints":{"allow":["GET"]}}],"collection":[{"href":"https:\/\/www.cencibel.es\/blog\/wp-json\/wp\/v2\/pages"}],"about":[{"href":"https:\/\/www.cencibel.es\/blog\/wp-json\/wp\/v2\/types\/page"}],"author":[{"embeddable":true,"href":"https:\/\/www.cencibel.es\/blog\/wp-json\/wp\/v2\/users\/2"}],"replies":[{"embeddable":true,"href":"https:\/\/www.cencibel.es\/blog\/wp-json\/wp\/v2\/comments?post=391"}],"version-history":[{"count":5,"href":"https:\/\/www.cencibel.es\/blog\/wp-json\/wp\/v2\/pages\/391\/revisions"}],"predecessor-version":[{"id":441,"href":"https:\/\/www.cencibel.es\/blog\/wp-json\/wp\/v2\/pages\/391\/revisions\/441"}],"wp:attachment":[{"href":"https:\/\/www.cencibel.es\/blog\/wp-json\/wp\/v2\/media?parent=391"}],"curies":[{"name":"wp","href":"https:\/\/api.w.org\/{rel}","templated":true}]}}

<p>Mi nombre es Javier Jiménez aunque muchos de vosotros me conozcáis por Cencibel. Nací en un maravilloso pueblo de La Mancha llamado Valdepeñas y cruce de caminos del mayor viñedo de Europa.</p>



<p>Hace un tiempo que venía dandole vueltas al proyecto de escribir sobre mis pasiones. Como emprendedor de nacimiento, el gusanillo de la creatividad siempre te persigue allí donde estes. Entonces, he aprovechado un periodo excepcional para lanzarme a escribir sobre aquello que me gusta y me apasiona.</p>



<p>Aunque el blog se engloba dentro de mi empresa es un blog de vivencias y lifestyle que intenta compartir a todos los que lo lean un disfrute mayor de los momentos importantes de la vida.</p>



<p>Desde siempre he tenido una atracción por el mundo del vestir bien y sobre todo por la elegancia masculina. Cada vez la forma de vestir se ha relajado y ha perdido el encanto y el glamour de antaño. Por tanto, desde este faro intentaremos aportar un granito de arena para que no se pierda nunca aquello que se heredaba de padres a hijos; que era la clase a la hora del vestir.</p>



<p>Como amante de todas las cosas bellas de este mundo siempre hacemos referencia al arte, la decoración, el cine, la arquitectura, la gastronomía, los viajes y en definitiva todo aquello que nos une a una gran mayoría de personas.</p>

<p>Mi nombre es Javier Jiménez aunque muchos de vosotros me conozcáis por Cencibel. Nací en un maravilloso pueblo de La Mancha llamado Valdepeñas y cruce de caminos del mayor viñedo de Europa. Hace un tiempo que venía dandole vueltas al proyecto de escribir sobre mis pasiones. Como emprendedor de nacimiento, el gusanillo de la creatividad siempre te persigue allí donde estes. Entonces, he aprovechado un periodo excepcional para lanzarme a escribir sobre aquello que me gusta y me apasiona. Aunque el blog se engloba dentro de mi empresa es un blog de vivencias y lifestyle que intenta compartir a todos los que lo lean un disfrute mayor de los momentos importantes de la vida. Desde siempre he tenido una atracción por el mundo del vestir bien y sobre todo por la elegancia masculina. Cada vez la forma de vestir se ha relajado y ha perdido el encanto y el glamour de antaño. Por tanto, desde este faro intentaremos aportar un granito de arena para que no se pierda nunca aquello que se heredaba de padres a hijos; que era la clase a la hora del vestir. Como amante de todas las cosas bellas de este mundo siempre hacemos referencia al arte, la decoración, el cine, la arquitectura, la gastronomía, los viajes y en definitiva todo aquello que nos une a una gran mayoría de personas.</p>

<!-- This site is optimized with the Yoast SEO plugin v25.3.1 - https://yoast.com/wordpress/plugins/seo/ -->
<title>Quienes somos - Cencibel</title>
<meta name="robots" content="index, follow, max-snippet:-1, max-image-preview:large, max-video-preview:-1" />
<link rel="canonical" href="https://www.cencibel.es/blog/quienes-somos/" />
<meta property="og:locale" content="es_ES" />
<meta property="og:type" content="article" />
<meta property="og:title" content="Quienes somos - Cencibel" />
<meta property="og:description" content="Mi nombre es Javier Jiménez aunque muchos de vosotros me conozcáis por Cencibel. Nací en un maravilloso pueblo de La Mancha llamado Valdepeñas y cruce de caminos del mayor viñedo de Europa. Hace un tiempo que venía dandole vueltas al proyecto de escribir sobre mis pasiones. Como emprendedor de nacimiento, el gusanillo de la creatividad siempre te persigue allí donde estes. Entonces, he aprovechado un periodo excepcional para lanzarme a escribir sobre aquello que me gusta y me apasiona. Aunque el blog se engloba dentro de mi empresa es un blog de vivencias y lifestyle que intenta compartir a todos los que lo lean un disfrute mayor de los momentos importantes de la vida. Desde siempre he tenido una atracción por el mundo del vestir bien y sobre todo por la elegancia masculina. Cada vez la forma de vestir se ha relajado y ha perdido el encanto y el glamour de antaño. Por tanto, desde este faro intentaremos aportar un granito de arena para que no se pierda nunca aquello que se heredaba de padres a hijos; que era la clase a la hora del vestir. Como amante de todas las cosas bellas de este mundo siempre hacemos referencia al arte, la decoración, el cine, la arquitectura, la gastronomía, los viajes y en definitiva todo aquello que nos une a una gran mayoría de personas." />
<meta property="og:url" content="https://www.cencibel.es/blog/quienes-somos/" />
<meta property="og:site_name" content="Cencibel" />
<meta property="article:publisher" content="https://www.facebook.com/cencibel/" />
<meta property="article:modified_time" content="2020-04-24T12:23:47+00:00" />
<meta name="twitter:card" content="summary_large_image" />
<meta name="twitter:site" content="@cencibelties" />
<meta name="twitter:label1" content="Tiempo de lectura" />
	<meta name="twitter:data1" content="1 minuto" />
<script type="application/ld+json" class="yoast-schema-graph">{"@context":"https://schema.org","@graph":[{"@type":"WebPage","@id":"https://www.cencibel.es/blog/quienes-somos/","url":"https://www.cencibel.es/blog/quienes-somos/","name":"Quienes somos - Cencibel","isPartOf":{"@id":"https://www.cencibel.es/blog/#website"},"datePublished":"2020-04-23T18:49:06+00:00","dateModified":"2020-04-24T12:23:47+00:00","breadcrumb":{"@id":"https://www.cencibel.es/blog/quienes-somos/#breadcrumb"},"inLanguage":"es","potentialAction":[{"@type":"ReadAction","target":["https://www.cencibel.es/blog/quienes-somos/"]}]},{"@type":"BreadcrumbList","@id":"https://www.cencibel.es/blog/quienes-somos/#breadcrumb","itemListElement":[{"@type":"ListItem","position":1,"name":"Portada","item":"https://www.cencibel.es/blog/"},{"@type":"ListItem","position":2,"name":"Quienes somos"}]},{"@type":"WebSite","@id":"https://www.cencibel.es/blog/#website","url":"https://www.cencibel.es/blog/","name":"Cencibel","description":"Blog de moda masculina","publisher":{"@id":"https://www.cencibel.es/blog/#organization"},"potentialAction":[{"@type":"SearchAction","target":{"@type":"EntryPoint","urlTemplate":"https://www.cencibel.es/blog/?s={search_term_string}"},"query-input":{"@type":"PropertyValueSpecification","valueRequired":true,"valueName":"search_term_string"}}],"inLanguage":"es"},{"@type":"Organization","@id":"https://www.cencibel.es/blog/#organization","name":"CENCIBEL","url":"https://www.cencibel.es/blog/","logo":{"@type":"ImageObject","inLanguage":"es","@id":"https://www.cencibel.es/blog/#/schema/logo/image/","url":"https://www.cencibel.es/blog/wp-content/uploads/2020/04/logo-cencibel.png","contentUrl":"https://www.cencibel.es/blog/wp-content/uploads/2020/04/logo-cencibel.png","width":157,"height":129,"caption":"CENCIBEL"},"image":{"@id":"https://www.cencibel.es/blog/#/schema/logo/image/"},"sameAs":["https://www.facebook.com/cencibel/","https://x.com/cencibelties"]}]}</script>
<!-- / Yoast SEO plugin. -->

Mi nombre es Javier Jiménez aunque muchos de vosotros me conozcáis por Cencibel. Nací en un maravilloso pueblo de La Mancha llamado Valdepeñas y cruce de caminos del mayor viñedo de Europa. Hace un tiempo que venía dandole vueltas al proyecto de escribir sobre mis pasiones. Como emprendedor de nacimiento, el gusanillo de la creatividad siempre te persigue allí donde estes. Entonces, he aprovechado un periodo excepcional para lanzarme a escribir sobre aquello que me gusta y me apasiona. Aunque el blog se engloba dentro de mi empresa es un blog de vivencias y lifestyle que intenta compartir a todos los que lo lean un disfrute mayor de los momentos importantes de la vida. Desde siempre he tenido una atracción por el mundo del vestir bien y sobre todo por la elegancia masculina. Cada vez la forma de vestir se ha relajado y ha perdido el encanto y el glamour de antaño. Por tanto, desde este faro intentaremos aportar un granito de arena para que no se pierda nunca aquello que se heredaba de padres a hijos; que era la clase a la hora del vestir. Como amante de todas las cosas bellas de este mundo siempre hacemos referencia al arte, la decoración, el cine, la arquitectura, la gastronomía, los viajes y en definitiva todo aquello que nos une a una gran mayoría de personas.
